 o(c). What are the prime factors of 6/3 - (b - 32)?
5, 7
Let x = 567 - 82. What are the prime factors of x?
5, 97
Let o(h) = -h**2 + 5*h + 5. Let j be o(5). Suppose j*b + 28 = 128. Let n = b - 9. What are the prime factors of n?
11
Let f(d) = -d**2 - 18*d + 3. Suppose 2*m + 32 = -2*o, 0 = 2*o + 4*m + 6 + 28. What are the prime factors of f(o)?
2, 3
Suppose -7*n + 2 - 16 = 0. What are the prime factors of -263*(-3)/(-6)*n?
263
Let s be (-6)/(-12) + (-42)/(-4). Let i(z) = 4*z - 6. Let g(f) = -3*f + 4. Let j(y) = -7*g(y) - 5*i(y). What are the prime factors of j(s)?
13
Let m = -16 + 16. Suppose 0*a - a + 3 = m. What are the prime factors of (9 - a)/3 - -4?
2, 3
Suppose -6 = -4*w + 10. Let i be 1/(-4) - (-1)/w. Suppose -c = 5*f - 35 + 12, i = -4*c + f + 113. What are the prime factors of c?
2, 7
Let j(v) be the third derivative of 1/6*v**4 + 0*v - 2*v**3 + 1/60*v**5 + 4*v**2 + 0. What are the prime factors of j(5)?
3, 11
Let f(x) = 60*x - 3. Let n be (-33)/(-15) + (-7)/35. List the prime factors of f(n).
3, 13
Suppose 44*w - 10 = 39*w. Suppose -5*f + 1185 = -5*a, w*f + 0*a - 465 = 5*a. What are the prime factors of f?
2, 3, 5
Suppose -14 = 5*x + z, 2*z + 2 = -3*x + 3*z. Let g be 0 + 0 + 1 - x. Suppose 4*f - 2*b + g*b - 66 = 0, -2*b - 28 = -2*f. What are the prime factors of f?
2
Let i = -112 - -405. List the prime factors of i.
293
Let o be (-4 + 102/18)*3. Suppose -4*n - g + 652 = 3*g, -4*g + 820 = o*n. What are the prime factors of n?
2, 3, 7
Let g(u) = u**3 - u**2 + 4*u + 1. Suppose -i + 3*z = -15, 0 = i - 4*i - 3*z - 3. List the prime factors of g(i).
31
List the prime factors of ((-90)/25)/(-2 + (-1748)/(-880)).
2, 3, 11
List the prime factors of ((-5)/(30/99))/(8/(-144)).
3, 11
Suppose 9 = 5*g + 9. Let x(o) = 2*o + 5. What are the prime factors of x(g)?
5
Let h(f) = f**3 + 12*f**2 + 5. Let v be h(-12). Suppose -4*w - 8 = -5*n + 1104, -3*w + 1091 = v*n. List the prime factors of n.
2, 5, 11
Suppose -8 = a + 2*z - 24, -44 = -4*a + 2*z. Let k = a - 16. What are the prime factors of 32 + -2 + k/(-4)?
31
Let p = -398 + 665. What are the prime factors of p?
3, 89
What are the prime factors of ((-1630)/(-4) + -2)/(14/28)?
811
Let i be (2/(-6))/((-3)/18). Let h = 14 - 6. Suppose 0 = -4*z + i*z + h. List the prime factors of z.
2
Let x be 40/(-2)*(-14)/28. Suppose s - 750 = -5*v, 2*s - x + 0 = 0. What are the prime factors of v?
149
Suppose 18*p - 98 = 16*p. Let w = 83 - p. List the prime factors of w.
2, 17
Let o(j) be the third derivative of -j**6/60 - j**5/60 - j**4/3 - 7*j**3/3 - 11*j**2. List the prime factors of o(-5).
251
Let h be 2/(4 + 27/(-6)). Let q = h + -11. Let l = 4 - q. What are the prime factors of l?
19
Let x be 6 + 0 + -2 - (7 + -8). Let c(l) = 3*l**2 - 7*l + 12. List the prime factors of c(x).
2, 13
Let v(u) = u**3 - 3*u**2 - 7*u + 8. Let g be v(4). Let b(q) = -3*q**3 + q**2 - 3*q - 19. What are the prime factors of b(g)?
3, 67
Let r = -5 - -5. Suppose 0 = -2*s - 0*s + 10. Let q = r + s. What are the prime factors of q?
5
Suppose -2*a - 4*o + 6*o + 7628 = 0, -3829 = -a + 4*o. List the prime factors of a.
13, 293
Suppose r - 5 = -0*r. Suppose 146 = -3*m - 2*t - 11, 75 = -m + r*t. Let z = -38 - m. What are the prime factors of z?
17
Let u = -8 - -17. What are the prime factors of (-11)/(-4)*(u + -5)?
11
Let v = 0 + -6. Let i = v + 9. Suppose 0 = -i*f, 6*f = -2*z + f + 42. List the prime factors of z.
3, 7
Let y = -2416 + 4984. List the prime factors of y.
2, 3, 107
Let a = 18 - -748. List the prime factors of a.
2, 383
Suppose -6420 = 188*q - 193*q. List the prime factors of q.
2, 3, 107
Let n = 101 - 92. List the prime factors of n.
3
Let u = -5 - -9. Let z(v) = 6*v - 2 - 1 + u. What are the prime factors of z(1)?
7
Let s(x) be the second derivative of -x**3/6 - 11*x**2/2 - 2*x. Let r be s(-10). What are the prime factors of (-2 + r)/(12/(-64))?
2
Let l(h) = -3*h**3 - 35*h**2 - 21*h - 50. Let v(m) = -m**3 - 18*m**2 - 11*m - 25. Let s(w) = -2*l(w) + 5*v(w). What are the prime factors of s(21)?
11, 13
Let f(h) = 14*h**2 + 46*h - 6. List the prime factors of f(-5).
2, 3, 19
Let c(m) = -m**3 - 7*m**2 - 6*m + 3. Let d(j) = 7*j**3 - j**2 - j + 1. Let p be d(-1). What are the prime factors of c(p)?
3
List the prime factors of (-16 + 15)/((-2)/1962).
3, 109
Let r be -7 + (-7)/((-14)/4). Let a be (5 - 4)/((-1)/r). Suppose 0 = -a*b + 46 + 94. What are the prime factors of b?
2, 7
Suppose -4*a - 34 = 2*d, -d = -4*d + 3. Let w = 2 + a. Let x = -3 - w. List the prime factors of x.
2
Suppose 5*p - 5*k = 35, -22 = -p - 3*k - 3. Suppose 2*q - 44 - p = 0. List the prime factors of q.
3
Let b(d) be the second derivative of d**4/6 - 2*d**3/3 - 2*d. Suppose -5*a - 3*y - 19 = 0, 5*a + 0*y = 2*y - 4. What are the prime factors of b(a)?
2
Let y(h) = 5*h**2 - 2*h + 5. Let w be y(3). Suppose z + 4*z - w = -4*n, 5*n - 29 = -3*z. What are the prime factors of 63/(-84) - (-70)/z?
2
Suppose -3*r - m = 43 + 6, r + 15 = m. Let o(j) = -j**2 - 22*j - 13. What are the prime factors of o(r)?
83
Let g(x) = -x**2 + x. Let k(i) = -4*i**2 - 1. Let v(y) = 2*g(y) - k(y). Let f be v(-2). Suppose q = -5*s + 123, 3*s + f*q = q + 67. List the prime factors of s.
5
Let r(b) = b**3 - b + 137. Let i be r(0). Suppose -4*f + 168 = -5*l, -l + 2*l = f - 43. Suppose i = 6*c + f. What are the prime factors of c?
3, 5
Suppose 58*g - 106634 = 8960. What are the prime factors of g?
1993
Suppose 2*z - 1254 = 2*r, -4*r - 1262 = 3*z - 5*z. What are the prime factors of z?
7, 89
Let u(p) = p**2 - 3*p - 6. Let h be u(4). Let c = h - -16. What are the prime factors of c?
2, 7
Suppose 0 = 2*a + s - 3702, -19*a + 22*a - 2*s = 5546. List the prime factors of a.
2, 5, 37
Let v = 148 - 106. What are the prime factors of v?
2, 3, 7
Suppose 3*k - 2*m = 8, 5*m + 2 = -k - 1. Let h = k + -2. Let f(x) = x**2 - 2*x + 19. What are the prime factors of f(h)?
19
Let h be ((-6)/(-7))/(5/70). Let d be 18/h*(-294)/3. Let n = -101 - d. List the prime factors of n.
2, 23
Let z = -905 - -1558. What are the prime factors of z?
653
Let d(q) = 516*q - 36. List the prime factors of d(3).
2, 3, 7
Let v = 3347 + -1684. List the prime factors of v.
1663
Suppose -13*m + 8*m + 4*j = -6321, -6328 = -5*m - 3*j. What are the prime factors of m?
5, 11, 23
Let x = -142 + 162. Suppose 14*o - x*o = -1746. What are the prime factors of o?
3, 97
Let x(u) = 1580*u**3 + 2*u**2 + 11*u - 12. List the prime factors of x(1).
3, 17, 31
Suppose -19*a + 5*p = -18*a - 4039, -p + 4 = 0. List the prime factors of a.
3, 11, 41
Let v(d) = -d - 9. Let g be v(-16). What are the prime factors of 33/((-3)/(4 - g))?
3, 11
Suppose 0 = t + 1 - 5. Suppose 0 = t*a - 176 - 1044. What are the prime factors of a?
5, 61
Let b(v) = -3*v - 3. Let t be b(-2). Suppose t*w = w + 220. Let m = w - 67. What are the prime factors of m?
43
Let w(v) = 35*v**2 + 24*v - 7. List the prime factors of w(4).
11, 59
Let b(o) = 6*o - 16. Suppose 8*f = 10*f - 24. What are the prime factors of b(f)?
2, 7
Suppose -5*l + 234 = -2*l. Suppose 2*s - l = -4. What are the prime factors of s?
37
Let g(d) = 3*d**2 - 3*d. Let h be g(2). Suppose h*t - 2*t - 16 = 0. Suppose 2*n + 4*w - 128 = 0, 2*w = -t*n + 234 + 28. What are the prime factors of n?
2, 3, 11
Let i = 60 - 58. Suppose 26 = i*o - 10. What are the prime factors of o?
2, 3
Let z be (6/(-5))/((-9)/(-1770)). Let m = 333 + z. What are the prime factors of m?
97
Suppose -3 + 6 = -n, -2*f + 602 = -4*n. What are the prime factors of f?
5, 59
Let d(x) = -23*x**2 + x - 1. Suppose -q = -2*q - 2. Let u be d(q). Let y = -58 - u. List the prime factors of y.
37
List the prime factors of 52/(-130) - 2974/(-10).
3, 11
Let i(m) = 8*m**2 + 2*m - 7. Let b be i(-9). Let t = b - -53. What are the prime factors of t/16 - (-1)/(-4)?
2, 3, 7
Let j(s) = -10*s - 29. List the prime factors of j(-10).
71
Suppose -12*m = -15*m + 462. What are the prime factors of m?
2, 7, 11
Let j(r) be the first derivative of -r**2 - 18*r + 2. Let t be j(-12). List the prime factors of (3/t)/((-2)/(-88)).
2, 11
Let h be ((-2)/16*4)/((-2)/52). Let s = h - -14. What are the prime factors of s?
3
Suppose -9*y - 3*y + 24 = 0. Let m = 160 + y. List the prime factors of m.
2, 3
Suppose 5*o + 0*w = w + 2021, 0 = -o + w + 405. What are the prime factors of o?
2, 101
Let k 